14)/p)/(g*(-2)/16)?
5
Let c be ((-245)/(-28) - 8)/((-2)/(-1592)). Let p = c - 380. What is the units digit of p?
7
Let c be 147/4 + (-12)/16. Suppose -4 = -4*p, -4*p = -2*i - 8*p + c. Suppose -5*n - o + 305 = 0, 2*n - 99 - i = o. What is the tens digit of n?
6
Let q be (-322)/(-5) + (-8)/20. Suppose -4 = -w, -6*x = -4*x + 3*w - q. Let o = x + -9. What is the tens digit of o?
1
Let z = 34343 - 5580. What is the tens digit of z?
6
Suppose -8*b + 9634 + 7566 = 0. What is the thousands digit of b?
2
Let g = 48510 + -32125. What is the units digit of g?
5
What is the units digit of -2 + (7 - (-6 - (0 + 18162)))?
3
Suppose -90207 = -23167*n + 23157*n + 388853. What is the tens digit of n?
0
Let i(t) = -14*t**2 - t**3 + 7*t + 0*t + 18 + t. Let q be i(-7). Let o = q + 538. What is the hundreds digit of o?
1
Suppose -3*j - 3*q - 12 = -2*q, -3*j - 2*q - 9 = 0. Let i(v) = -3*v**3 - 7*v**2 - 15*v - 14. What is the tens digit of i(j)?
6
Let b(w) = -3*w + 10*w + 11*w - w + 6. Suppose 21*v = 19*v + 14. What is the units digit of b(v)?
5
Suppose -3*x + 9 = 5*k, 5*k + 5*x + 8 = 13. What is the units digit of k + -1 - (-261 + 4)?
9
Suppose -13*a - 1362 = -15*a. Suppose -4*s + 776 = 4*h, -5*s + 2*h + a = -254. What is the units digit of s?
9
Let d(a) = 411*a**2 - 4*a - 20. Let b(h) = -820*h**2 + 7*h + 37. Let y(i) = -6*b(i) - 11*d(i). What is the hundreds digit of y(1)?
3
What is the hundreds digit of ((-147477)/(-545))/((-2)/(-480))?
9
Let r(x) = -6*x**3 - 3*x**2 - 5*x + 11. Let h be r(3). Let p = 481 + h. What is the units digit of p?
8
Let h = -3462 - -5097. Let f = -823 + h. What is the tens digit of f?
1
Suppose 4*n - 7032 = -b, 2*b - 14056 = -311*n + 307*n. What is the units digit of b?
4
Suppose 403*l + 6349 = 410*l. Suppose -c + 1578 = l. What is the units digit of c?
1
Let a(j) = j**2 - j. Let m(f) = -44*f**2 + 20*f**2 - 2 + 3*f + 0. Let p(t) = -2*a(t) - m(t). What is the units digit of p(1)?
3
Let k = -114 + 20772. What is the ten thousands digit of k?
2
Let d(w) = -w**3 - 63*w**2 - 184*w + 658. What is the units digit of d(-63)?
0
Let p = 1236 + 545. Suppose 10*o - 1169 = p. Let w = o + -190. What is the tens digit of w?
0
Let t(h) = 640*h - 7413. What is the thousands digit of t(47)?
2
Let x(i) = 336 + 34*i - 384 + 4*i. Let q be x(9). Let b = -122 + q. What is the hundreds digit of b?
1
Let t(g) = -3*g**2 + 118*g - 21. Let z be t(35). Suppose -3*o + v = -1321, -v - z = -o + 7. What is the units digit of o?
0
Let n be -177*(-28)/63*33. Suppose 0 = 8*r + 3*r - n. What is the hundreds digit of r?
2
What is the thousands digit of 6 - ((-2)/(-9) + (-1181154)/54)?
1
Let b(v) = 2*v**2 + 23*v - 8. Let j be b(-12). Suppose -12*x - 3*k = -11*x - 140, 0 = -3*x - j*k + 430. What is the tens digit of x?
4
Suppose 14*v - 2331 = 7*v. Let i = v + -149. Suppose 2*m + 8 = i. What is the tens digit of m?
8
Suppose -5*k = -5*t - 53520, -k = -2*t + 4*t - 10716. What is the tens digit of k?
0
Let i(c) = -42*c - 1. Let o be i(-1). Let g = 90 + -68. Let m = g + o. What is the units digit of m?
3
Let t = 31692 + -16274. What is the ten thousands digit of t?
1
Suppose 10*k - 8*k - 20 = 4*u, -2*u = 2*k + 4. Suppose k*q - 2300 = -f + 406, q - 1355 = -f. What is the units digit of q?
1
Suppose 3*c = 8*n - 428629, -4*c + 34489 = n - 19094. What is the thousands digit of n?
3
What is the hundreds digit of (3 - -3 - 11) + (2125 - 8/4)?
1
Let u be 16/4 - (1 + -2)*591. Suppose -u = -3*f - 5*d, d - 400 - 399 = -4*f. What is the tens digit of f?
0
Let d = 54 + -30. What is the hundreds digit of (1/(-2))/(d/(-7296))?
1
Let i be 353/7*9 + 1/7. Suppose 2119 - i = 3*x. Suppose 0 = -5*q - 5*s + x, 111 = q - 0*q + 5*s. What is the tens digit of q?
1
Let b(t) = 4*t**3 + 2*t**2 + 2*t - 4. Let i be b(2). Let p(m) = -46*m + 13 + 1 + i*m. What is the hundreds digit of p(-22)?
1
Let b(n) be the second derivative of -35/3*n**3 + 0 - 9/2*n**2 - 20*n. What is the hundreds digit of b(-2)?
1
Let q = 232 - 207. What is the hundreds digit of ((-40)/(-25) - 2) + 3235/q?
1
Let t = 11639 + -6618. What is the tens digit of t?
2
Let i(m) = -2*m**3 + 157*m**2 - 352*m - 161. What is the tens digit of i(76)?
6
Suppose -2*n = 3*n - 25. Suppose 1612 = 37*g - 608. Suppose -o - p = -n*o + 125, 2*p - g = -2*o. What is the tens digit of o?
3
Let q(v) = 7*v**2 + 2*v - 1. Suppose 4*m = -2*m. Suppose m = -17*o + 5*o - 48. What is the tens digit of q(o)?
0
Let j(q) = 2*q**2 - 14*q - 16. Let i be j(8). Suppose -5*s + s + 584 = i. Let n = s + -89. What is the tens digit of n?
5
Let k(g) = -g**2 + 11*g - 5. Suppose 5*a - 5*y = 75, -3*y = 5*a - 25 - 10. Let m be k(a). What is the units digit of 45/75 + 482/m?
7
Let b = 13453 - 6264. What is the units digit of b?
9
Suppose 24*h + 502561 = 95*h - 119186. What is the thousands digit of h?
8
Suppose 12089 = 4*j - 1459. Suppose 3*i + 552 = j. What is the hundreds digit of i?
9
Suppose -3*o - b + 32803 = 2968, -2*o - 19*b = -19945. What is the tens digit of o?
4
Suppose -2*v + 2 + 4 = 0, 0 = -3*q + 5*v + 9. Suppose 3*o + 3*p + 12 = 0, -2*o - q = -2*p - 0*p. What is the units digit of o - 39/(-9) - (-634)/6?
6
What is the thousands digit of 18/((-48285)/(-6894) - 7)?
4
Suppose w - 24 + 1 = 4*g, -5*w + 40 = 5*g. Suppose -6*j + w*j + 5*y - 2570 = 0, 529 = j - 2*y. What is the units digit of j?
9
Let r(c) = -41*c + 4. Let d be r(-4). What is the hundreds digit of (d/10)/(1/80*4)?
3
Let y = -416 + 415. What is the hundreds digit of -30*-53*(0 - y)?
5
Suppose -5*h = 3*z - 26771, -72*z - 6 = -70*z. What is the units digit of h?
6
What is the thousands digit of 2181/(2345/1470 - (-2)/(-21))?
1
What is the thousands digit of 881/(((-35)/(-36) + -1)*-2*2)?
7
What is the ten thousands digit of (-108329774)/(-9877) - 1/17*-2?
1
Let p(k) be the second derivative of 13*k**4/12 - k**3/6 + 4*k**2 + 4*k. Suppose -17*a + 30*a + 39 = 0. What is the tens digit of p(a)?
2
Let f(l) = 2*l**2 + 21*l - 32. Let u be f(-12). Suppose 4*w + q = 1997, -2*w + u*q + 1016 = 8*q. What is the tens digit of w?
9
Let v(z) = z**3 + 5*z**2 + 11*z + 46. Let w be v(-4). What is the units digit of (w/(-15))/((-21)/(-6230))*-1?
6
Let r = 82094 + -50501. What is the units digit of r?
3
Let b be (0 + 40/(-2))*(-2)/(-4). Let r = 12 + b. What is the units digit of r?
2
What is the hundreds digit of ((-126)/(-90))/((-4)/(-176180))?
6
Let z(p) = 56*p - 248. Let b be z(24). Let v = b + -76. What is the tens digit of v?
2
Let v(q) = 3*q - 21. Let y be v(11). Let r be 531/y + 3/(-12). Suppose 16*z - 20*z + r = 0. What is the tens digit of z?
1
Suppose 0 = 3*k + 3*a - 42478 - 23531, -2*k + 5*a + 43964 = 0. What is the units digit of k?
7
Suppose 2*q + 20 = -v, -4*v + 2*q = -9*v - 60. Let r be (-59)/(-19) - v/(-95). Suppose -153 = -r*x - 24. What is the units digit of x?
3
Suppose -5*t - 2*f - f + 41593 = 0, -58221 = -7*t + 5*f. What is the tens digit of t?
1
Let m(l) = 0 + 382*l - 802*l - 21 + 385*l - l**2. What is the tens digit of m(-34)?
1
Let u = -42 + 47. Let z = u - 4. Let d(f) = 33*f**2 + 2*f - 2. What is the units digit of d(z)?
3
Let l be ((-4)/(-12))/(5/90). Let a(j) be the second derivative of j**4/12 + 8*j**3/3 - 15*j**2/2 + j. What is the units digit of a(l)?
7
Suppose 0 = 3*p + v - 3*v - 3298, 0 = -3*p - 2*v + 3290. Let c = -625 + p. What is the units digit of c?
3
Suppose 0 = 4*q + 5*a - 93, -a = -2*q + 3*a + 14. Suppose -4*t + j - q = 0, 3*t + 12 = 2*j - 2. What is the tens digit of 46/t*(-24)/4?
6
Suppose 1 + 5 = 3*s. Let q be (-1)/((-3)/(-4))*15/(-10). What is the hundreds digit of q/12*0 + 224/s?
1
Let d be (2 + 3/(-2))*6. Suppose -4*o + 3250 = 1910. Suppose o = d*x - 61. What is the units digit of x?
2
Let b(r) = 2*r + 23*r + 28*r - r + 15*r**2. What is the units digit of b(5)?
5
Let r = -30446 - -44158. What is the tens digit of r?
1
Suppose -16 = -4*b - 0. Let t be 11/(-2) - (-2)/b. What is the tens digit of (t*(5 - 3))/((-4)/16)?
4
Let b(g) = g**3 + g - 3. Let o(k) = -2*k + 8. Let f be o(-7). Suppose 2*u = 5*d - f, 3*u = 5*d - u - 24. What is the units digit of b(d)?
5
Let s(z) = 20*z**3 + 3*z**2 - 25*z + 34. What is the tens digit of s(7)?
6
Let o(m) = 400*m**2 + 36*m - 77. What is the ten thousands digit of o(9)?
3
Let z be 1614/45 - (-12)/90. Let n be ((-60)/z)/(4/(-3) - -1). Suppose -3*p + 497 = -n*h, 